rivative of -i**4/24 - 7*i**3/6 + 5*i**2. Give z(-3).
-4
Let t(s) = -2*s**2 + 3*s + 3. Let c be 2/(3/12*1). Let f = 23 - c. Suppose -3*k - 2*m = -f, 3*k - m = -6*m + 24. What is t(k)?
-6
Let p(y) = y**3 + 6*y**2. Let x(v) = v**3 + 7*v**2 + v + 1. Let i(d) = -5*p(d) + 4*x(d). Let a(q) = q**2 - 6*q - 10. Let b be a(7). Calculate i(b).
1
Let w(r) = -12*r**2 + 6*r - 3. Let y(b) = -3*b**2 - b - 2 + 4*b**2 + 2. Let t(o) = w(o) + 9*y(o). Let n be 0 - (3 - (-2 + 3)). Calculate t(n).
-9
Let g = 11 + -14. Let j(z) = -2*z + 4. Calculate j(g).
10
Let h(j) = -1 - 5*j**2 + 6*j**2 - 2*j**2. Let k = -2 + 4. Calculate h(k).
-5
Let l(n) = -n**3 + 14*n**2 - 14*n + 7. Let i be l(13). Let z(w) = -w**2 - 6*w - 5. Determine z(i).
-5
Let s(c) be the first derivative of c**4/4 + 2*c**3 - c**2/2 + 3*c - 2. Let v = -9 + 3. Give s(v).
9
Suppose -5*r + 6 = 1. Let i(j) = -4*j + 6. Let g(w) = -4*w + 7. Let l(f) = 5*g(f) - 6*i(f). Calculate l(r).
3
Suppose -2*i + 4 = -2*c, -3*i + 18 = 3*c + 2*i. Suppose -63*f + 9 = -60*f. Let t(n) = 0*n - n + f + c. Determine t(-3).
7
Let a(d) be the second derivative of 1/12*d**4 + 0 + 5/6*d**3 - d - 5/2*d**2. Suppose -g = 3*g + 20. Give a(g).
-5
Let k(u) = u**3 - 6*u**2 - 2*u + 9. Let w be k(6). Suppose -4*b = -0*b - 24. Let z(g) = -3 + b - g + 2*g. Give z(w).
0
Suppose -2*s - 4 = -s. Let b be (-2 - -3) + -1 + s. Let i = b + 2. Let l(g) = 4*g + 3. Calculate l(i).
-5
Let c(n) = -n + 1. Let p(j) = 4*j - 4. Let v(z) = 3*c(z) + p(z). Let w(m) = m**2 + m + 1. Let o(x) = -2*v(x) + w(x). Give o(0).
3
Let x(f) = -5*f**2 + f - 1. Let w(d) = 9*d**2 - 2*d + 2. Let p(y) = -3*w(y) - 7*x(y). Determine p(1).
8
Let d(z) = 7*z**3 + 7*z**2 - 5*z - 7. Let g(s) = 3*s**3 + 3*s**2 - 2*s - 3. Let l(o) = -2*d(o) + 5*g(o). Give l(2).
11
Let x(f) = -2*f**3 - 8*f**2 - 4*f + 4. Let z(v) = v**3 + v**2 - v - 1. Let b(n) = x(n) + z(n). What is b(-6)?
-3
Let v(u) = 5*u**2 + 10*u + 10. Let c(p) = 3*p**2 + 7*p + 7. Let n(s) = 8*c(s) - 5*v(s). Suppose 11*y - 14*y + 18 = 0. Determine n(y).
6
Let m(f) be the third derivative of f**5/60 - 7*f**4/24 + 5*f**3/6 + f**2. Suppose -4*r = -30 + 42. Let q(o) = -3*o - 5. Let d be q(r). What is m(d)?
-7
Suppose -a + 15 = 4*a. Suppose 6*j - a*j + 15 = 0. Let c(k) = k**3 + 4*k**2 - 5*k. What is c(j)?
0
Let i(m) be the first derivative of -m**4/4 + 5*m**3/3 - 7*m**2/2 + 5*m + 3. What is i(4)?
-7
Let r = 113 - 113. Let a(g) = -g - 22. What is a(r)?
-22
Let v(s) = 6*s**3 + 4*s**2 - 8. Let r(o) = o**3 + o - 1. Let l(q) = -5*r(q) + v(q). Let p = 6 - 11. What is l(p)?
-3
Let z(c) be the second derivative of -3*c**5/20 - c**2/2 + 12*c. Give z(-1).
2
Suppose -2 = -2*i - 0*i. Let p be (10/15)/(i/3). Let o(f) = -2*f**2 + 4*f - 3. Calculate o(p).
-3
Suppose 2*l + 196 = 206. Let r(n) be the third derivative of -5/6*n**3 - 1/60*n**l - 4*n**2 + 0*n + 0 - 5/24*n**4. Give r(-5).
-5
Let x(d) = d**2 - 6*d. Suppose -3*q + 12 = -6. What is x(q)?
0
Let z(j) = -j + 13. Let b be (-2)/(-4)*-2*(-112)/14. Calculate z(b).
5
Let s be (-24)/14 - 2 - 4/14. Let z(h) = h**3 + 3*h**2 - h. What is z(s)?
-12
Let f(s) = s**3 + 7*s**2 + 4*s + 1. Let a be f(-4). Let v(p) = 5*p**2 + 0*p**3 + a*p - p**3 + 3 - 29*p. What is v(6)?
-9
Let j(v) = v + 9. Suppose -7*m - 12 = -4*m. What is j(m)?
5
Let p(d) = -d - d + 3*d. Let n(u) = -2*u - 2. Let z(f) = n(f) + p(f). Determine z(-6).
4
Let g(u) be the second derivative of u**5/20 - u**4/4 + u**3/6 - 2*u. Let w be g(3). Let q(l) = 1 + l**w + 3*l - 1 - 4*l**2. Give q(2).
-2
Let p = 15 + -12. Suppose -p*x = -0*x - 15. Let m(j) be the first derivative of -j**4/4 + 2*j**3 - 2*j**2 - 4*j + 1. Determine m(x).
1
Let p(g) = 0*g - 2*g + g - 3 - 4. Let w(c) = -c - 15. Let a(o) = 9*p(o) - 4*w(o). Calculate a(-2).
7
Suppose 20 = -5*n + n, 4*n - 10 = -5*k. Suppose 0 = 2*d + 2 - k. Let b(u) = -3*u + 2. Calculate b(d).
-4
Suppose 4*g + 2*u - 24 = 12, g = -4*u + 16. Let a = g - 5. Let j(d) = -5*d**a - 3 - 2 + 6. What is j(1)?
-4
Let d(y) = -6*y + 5 - 4 - y**2 - 7 + 1. Let j(u) = u**2 - 3*u - 4. Let k be j(3). Determine d(k).
3
Let r(a) be the second derivative of -a**5/20 - 5*a**4/12 - a**3 - a**2 + 18*a. Determine r(-4).
6
Let i(f) = 6*f + 10. Let g(o) = o + 1. Suppose 2*n - 12 + 14 = 0. Let a(s) = n*i(s) + 8*g(s). Let j(y) = y - 2. Let c be j(5). Calculate a(c).
4
Let b(i) = -3*i**3 + 1 + 7*i**2 + 18*i**2 - 26*i**2. Calculate b(-1).
3
Suppose -24 = -4*v - 0. Suppose 2*l = v*l - 20. Let z(a) = -a**2 + 4*a + 5. Calculate z(l).
0
Let f(j) be the second derivative of -j**5/60 - j**4/6 + j**3/6 - j**2 - j. Let p(a) be the first derivative of f(a). Determine p(-5).
-4
Let p(z) = -8*z**2. Let n(b) = b**2 - 8*b - 5. Let a be n(9). Suppose 0 = 2*u - 3*y + 8, -5*y + 7 = a*u + 1. What is p(u)?
-8
Let k(b) = b - 3. Suppose 31*o = 29*o - 8. Determine k(o).
-7
Let y(x) = x**3 + 6*x**2 + 3*x + 14. Let v be y(-6). Let l(a) be the second derivative of -a**4/12 - 2*a**3/3 - 3*a**2/2 + 2*a. Give l(v).
-3
Let f = -1 + 1. Let o(g) be the third derivative of 0*g**4 + 0*g**5 + 0 + 0*g - 1/120*g**6 - 5/6*g**3 - 4*g**2. Determine o(f).
-5
Suppose 2*h + 9 = a, 2*h + 12 = -3*a + a. Let o(n) = 10*n**3. Give o(a).
-10
Suppose 3*n + 4 = -2. Let t(b) be the first derivative of -3 - 2*b - 1/4*b**4 - 1/2*b**2 - 2/3*b**3. Determine t(n).
0
Let j(d) = d + 2*d + 0*d - 1 - 1. Determine j(2).
4
Let w(z) = z**3 + 11*z**2 - z + 5. Let o(d) = -d**3 - 12*d**2 + 2*d - 6. Let q(g) = -4*o(g) - 5*w(g). Determine q(-6).
-19
Let m be (-5)/((4*3/6)/(-2)). Let i(k) = k**2 - 5*k + 4. Give i(m).
4
Let d(v) = 15*v - 4*v**2 + 5*v**2 + 5 - 20*v. Give d(4).
1
Let u(f) = f + 19. Let a be u(-10). Let y(n) = n**2 - 8*n - 2. Calculate y(a).
7
Let d(c) be the third derivative of 0 - c**2 + 1/12*c**5 - 7/24*c**4 + 1/120*c**6 + 0*c - 3/2*c**3. Give d(-6).
-3
Let o(g) = 2 + 0*g - 9*g - g. Calculate o(-2).
22
Suppose 0*y - 2*y = -4, 4*y + 24 = -4*v. Let j(z) = -z - 7. What is j(v)?
1
Suppose 3 - 2 = j. Let c(b) be the first derivative of -3 - b + 0*b**2 - 5/4*b**4 + 2/3*b**3. Determine c(j).
-4
Let j = 0 + 3. Suppose -r = -j*r - t + 1, -r + 6 = -5*t. Let n(q) = r + 2*q + 4*q - 4*q - q. Give n(4).
5
Suppose 5*r - 5*l = 0, 0*l - 4*l - 5 = r. Let y(w) = -8*w**3 - 4*w**2 - 3*w - 2. Let f(x) = -15*x**3 - 7*x**2 - 5*x - 3. Let i(t) = -3*f(t) + 5*y(t). Give i(r).
-5
Let w(r) = -6*r + 11*r + 2 + r**2 + 2. Suppose -2*j + 0*j - 33 = 5*h, -3*h - 27 = 3*j. Calculate w(h).
4
Suppose 4*k - 12 = 0, 0*k - 18 = 3*i - 4*k. Let j be 3/i*(-3 - -1). Let d(c) = -2*c**j + c**2 + 2*c + c**2 + 2*c**3 - c**3 - 2. Give d(2).
2
Let w(l) = -15*l**3 - 2*l**2 + 2*l. Let z(j) = -23*j**3 - 3*j**2 + 3*j. Let g(o) = 8*w(o) - 5*z(o). Let h = -585 - -586. What is g(h)?
-5
Let n(h) = 3*h**3 - 4*h**2 + h - 3. Let y(a) = -4*a**3 + 4*a**2 - a + 4. Let v = 21 + -24. Let f(j) = v*n(j) - 2*y(j). Calculate f(4).
-3
Let h(u) be the first derivative of u**3/3 + 7*u**2/2 - u - 14. What is h(-4)?
-13
Let b(a) be the second derivative of -a**5/20 + 5*a**4/12 - a**3/3 + 3*a**2/2 - 6*a. Give b(5).
-7
Suppose -4*x = -5*x + 5*c + 20, 3*x + 12 = -3*c. Let o = 3 - x. Let d(l) = 4*l - 3. Determine d(o).
9
Let v(n) = 3*n**3 - 2*n**2 + 2*n - 2. Suppose -2*s = 3*a + 2 - 3, 4*s - 11 = 3*a. Calculate v(s).
18
Suppose 0*k + 10 = -v + k, 0 = -5*k - 5. Let n(i) = i**2 - 3*i. Let r(c) = -2*c**2 + 6*c. Let s(g) = v*n(g) - 6*r(g). Let p be 0/1 - (-18 + 15). What is s(p)?
0
Suppose 10*c = 6*c + 128. Suppose -4*v = -4*o + c, 0 = -2*o + 6*o + 4*v. Let l(z) = -z**3 + 6*z**2 - 6*z + 4. What is l(o)?
12
Let b(o) = -o**3 + o**2 + o + 9. Let y be b(0). Let s = -5 + y. Let l(j) = s*j - 3*j + 1 + 0*j. What is l(5)?
6
Let x(n) = -n**3 + n + 1. Let h(m) = m**3 - 3*m**2 + m - 3. Let j(y) = -h(y) - 2*x(y). Let i be j(-3). Let t(q) = 10 - q - i - 4*q**2. Determine t(1).
-5
Let a(c) = 7 + 5 - 3 + 2*c. Let k = 34 + -40. Give a(k).
-3
Let x be ((-20)/5 - -7) + 0. Let l(w) = -3*w**2 + 3*w. Determine l(x).
-18
Let x(u) be the first derivative of -u**4/4 + 7*u**3/3 - 5*u**2/2 - 3*u + 10. Determine x(6).
3
Let j(f) be the second derivative of 0*f**2 + 0 + f - 5/12*f**4 - 1/6*f**3. Suppose 3*w - 3 = 6*w - 5*o, 2*o = w + 1. Calculate j(w).
-4
Let j(c) = c**2 + c - 4. Let f be j(0). Let n(q) be the third derivative of -q**4/24 - 2*q**3/3 - 13*q**2. Calculate n(f).
0
Suppose 4 - 4 = 3*y. Let z(p) be t